[INFO] cloning repository https://github.com/OCzarnecki/leakbuster
[INFO] running `Command { std: "git" "-c" "credential.helper=" "-c" "credential.helper=/workspace/cargo-home/bin/git-credential-null" "clone" "--bare" "https://github.com/OCzarnecki/leakbuster" "/workspace/cache/git-repos/https%3A%2F%2Fgithub.com%2FOCzarnecki%2Fleakbuster", kill_on_drop: false }`
[INFO] [stderr] Cloning into bare repository '/workspace/cache/git-repos/https%3A%2F%2Fgithub.com%2FOCzarnecki%2Fleakbuster'...
[INFO] running `Command { std: "git" "rev-parse" "HEAD", kill_on_drop: false }`
[INFO] [stdout] d718bd8adc175994cedf885fb208c1e19f13baa9
[INFO] checking OCzarnecki/leakbuster against master#9610dfe5a9a731ced1ea4923ecbd0c57fe367898 for beta-170-4
[INFO] running `Command { std: "git" "clone" "/workspace/cache/git-repos/https%3A%2F%2Fgithub.com%2FOCzarnecki%2Fleakbuster" "/workspace/builds/worker-0-tc1/source", kill_on_drop: false }`
[INFO] [stderr] Cloning into '/workspace/builds/worker-0-tc1/source'...
[INFO] [stderr] done.
[INFO] validating manifest of git repo https://github.com/OCzarnecki/leakbuster on toolchain 9610dfe5a9a731ced1ea4923ecbd0c57fe367898
[INFO] running `Command { std: CARGO_HOME="/workspace/cargo-home" RUSTUP_HOME="/workspace/rustup-home" "/workspace/cargo-home/bin/cargo" "+9610dfe5a9a731ced1ea4923ecbd0c57fe367898" "metadata" "--manifest-path" "Cargo.toml" "--no-deps", kill_on_drop: false }`
[INFO] started tweaking git repo https://github.com/OCzarnecki/leakbuster
[INFO] finished tweaking git repo https://github.com/OCzarnecki/leakbuster
[INFO] tweaked toml for git repo https://github.com/OCzarnecki/leakbuster written to /workspace/builds/worker-0-tc1/source/Cargo.toml
[INFO] crate git repo https://github.com/OCzarnecki/leakbuster already has a lockfile, it will not be regenerated
[INFO] running `Command { std: CARGO_HOME="/workspace/cargo-home" RUSTUP_HOME="/workspace/rustup-home" "/workspace/cargo-home/bin/cargo" "+9610dfe5a9a731ced1ea4923ecbd0c57fe367898" "fetch" "--manifest-path" "Cargo.toml", kill_on_drop: false }`
[INFO] [stderr]     Updating crates.io index
[INFO] [stderr]  Downloading crates ...
[INFO] [stderr]   Downloaded piet-common v0.3.2
[INFO] [stderr]   Downloaded fluent-bundle v0.12.0
[INFO] [stderr]   Downloaded piet-coregraphics v0.3.0
[INFO] [stderr]   Downloaded druid-derive v0.4.0
[INFO] [stderr]   Downloaded priority-queue v1.2.1
[INFO] [stderr]   Downloaded rental-impl v0.5.5
[INFO] [stderr]   Downloaded rental v0.5.6
[INFO] [stderr]   Downloaded druid-shell v0.7.0
[INFO] [stderr]   Downloaded piet-web v0.3.1
[INFO] [stderr]   Downloaded kurbo v0.7.1
[INFO] [stderr]   Downloaded piet-direct2d v0.3.0
[INFO] [stderr]   Downloaded piet-cairo v0.3.0
[INFO] [stderr]   Downloaded utf16_lit v1.0.1
[INFO] [stderr]   Downloaded piet v0.3.1
[INFO] [stderr]   Downloaded druid v0.7.0
[INFO] [stderr]   Downloaded ctrlc v3.2.1
[INFO] [stderr]   Downloaded xi-unicode v0.2.1
[INFO] [stderr]   Downloaded fluent-syntax v0.9.3
[INFO] running `Command { std: "docker" "create" "-v" "/var/lib/crater-agent-workspace/builds/worker-0-tc1/target:/opt/rustwide/target:rw,Z" "-v" "/var/lib/crater-agent-workspace/builds/worker-0-tc1/source:/opt/rustwide/workdir:ro,Z" "-v" "/var/lib/crater-agent-workspace/cargo-home:/opt/rustwide/cargo-home:ro,Z" "-v" "/var/lib/crater-agent-workspace/rustup-home:/opt/rustwide/rustup-home:ro,Z" "-e" "SOURCE_DIR=/opt/rustwide/workdir" "-e" "CARGO_TARGET_DIR=/opt/rustwide/target" "-e" "CARGO_HOME=/opt/rustwide/cargo-home" "-e" "RUSTUP_HOME=/opt/rustwide/rustup-home" "-w" "/opt/rustwide/workdir" "-m" "1610612736" "--user" "0:0" "--network" "none" "ghcr.io/rust-lang/crates-build-env/linux@sha256:19e73879b68f455e41552ea35293514db52ea292d993f571636dbffedb77a1ee" "/opt/rustwide/cargo-home/bin/cargo" "+9610dfe5a9a731ced1ea4923ecbd0c57fe367898" "metadata" "--no-deps" "--format-version=1", kill_on_drop: false }`
[INFO] [stdout] f6d58dfad7d97e852b424b1bc4710a3692ca89cad14d7340e9212b737a381f8b
[INFO] running `Command { std: "docker" "start" "-a" "f6d58dfad7d97e852b424b1bc4710a3692ca89cad14d7340e9212b737a381f8b", kill_on_drop: false }`
[INFO] running `Command { std: "docker" "inspect" "f6d58dfad7d97e852b424b1bc4710a3692ca89cad14d7340e9212b737a381f8b", kill_on_drop: false }`
[INFO] running `Command { std: "docker" "rm" "-f" "f6d58dfad7d97e852b424b1bc4710a3692ca89cad14d7340e9212b737a381f8b", kill_on_drop: false }`
[INFO] [stdout] f6d58dfad7d97e852b424b1bc4710a3692ca89cad14d7340e9212b737a381f8b
[INFO] running `Command { std: "docker" "create" "-v" "/var/lib/crater-agent-workspace/builds/worker-0-tc1/target:/opt/rustwide/target:rw,Z" "-v" "/var/lib/crater-agent-workspace/builds/worker-0-tc1/source:/opt/rustwide/workdir:ro,Z" "-v" "/var/lib/crater-agent-workspace/cargo-home:/opt/rustwide/cargo-home:ro,Z" "-v" "/var/lib/crater-agent-workspace/rustup-home:/opt/rustwide/rustup-home:ro,Z" "-e" "SOURCE_DIR=/opt/rustwide/workdir" "-e" "CARGO_TARGET_DIR=/opt/rustwide/target" "-e" "CARGO_INCREMENTAL=0" "-e" "RUST_BACKTRACE=full" "-e" "RUSTFLAGS=--cap-lints=forbid" "-e" "RUSTDOCFLAGS=--cap-lints=forbid" "-e" "CARGO_HOME=/opt/rustwide/cargo-home" "-e" "RUSTUP_HOME=/opt/rustwide/rustup-home" "-w" "/opt/rustwide/workdir" "-m" "1610612736" "--user" "0:0" "--network" "none" "ghcr.io/rust-lang/crates-build-env/linux@sha256:19e73879b68f455e41552ea35293514db52ea292d993f571636dbffedb77a1ee" "/opt/rustwide/cargo-home/bin/cargo" "+9610dfe5a9a731ced1ea4923ecbd0c57fe367898" "check" "--frozen" "--all" "--all-targets" "--message-format=json", kill_on_drop: false }`
[INFO] [stdout] 2150afd62a749d57ed6824ef7b8b4aa002a7325608037f47e3e9e91509334b43
[INFO] running `Command { std: "docker" "start" "-a" "2150afd62a749d57ed6824ef7b8b4aa002a7325608037f47e3e9e91509334b43", kill_on_drop: false }`
[INFO] [stderr]    Compiling proc-macro2 v1.0.32
[INFO] [stderr]    Compiling syn v1.0.82
[INFO] [stderr]    Compiling serde_derive v1.0.130
[INFO] [stderr]    Compiling serde v1.0.130
[INFO] [stderr]    Compiling unicode-segmentation v1.8.0
[INFO] [stderr]    Compiling pkg-config v0.3.22
[INFO] [stderr]    Compiling version-compare v0.0.10
[INFO] [stderr]    Compiling strum v0.18.0
[INFO] [stderr]    Compiling libc v0.2.108
[INFO] [stderr]    Compiling proc-macro-error-attr v1.0.4
[INFO] [stderr]    Compiling futures-core v0.3.19
[INFO] [stderr]    Compiling proc-macro-error v1.0.4
[INFO] [stderr]    Compiling futures-channel v0.3.19
[INFO] [stderr]    Compiling futures-task v0.3.19
[INFO] [stderr]     Checking futures-sink v0.3.19
[INFO] [stderr]    Compiling futures-util v0.3.19
[INFO] [stderr]    Compiling anyhow v1.0.53
[INFO] [stderr]     Checking slab v0.4.5
[INFO] [stderr]     Checking futures-io v0.3.19
[INFO] [stderr]    Compiling either v1.6.1
[INFO] [stderr]    Compiling ahash v0.7.6
[INFO] [stderr]    Compiling itertools v0.9.0
[INFO] [stderr]    Compiling standback v0.2.17
[INFO] [stderr]     Checking unic-common v0.9.0
[INFO] [stderr]    Compiling cairo-rs v0.9.1
[INFO] [stderr]     Checking unic-char-range v0.9.0
[INFO] [stderr]    Compiling gio v0.9.1
[INFO] [stderr]     Checking unic-ucd-version v0.9.0
[INFO] [stderr]     Checking tinystr v0.3.4
[INFO] [stderr]    Compiling gdk-pixbuf v0.9.0
[INFO] [stderr]    Compiling heck v0.3.3
[INFO] [stderr]     Checking arrayvec v0.5.2
[INFO] [stderr]     Checking unic-char-property v0.9.0
[INFO] [stderr]     Checking matches v0.1.9
[INFO] [stderr]     Checking unic-langid-impl v0.9.0
[INFO] [stderr]    Compiling pango v0.9.1
[INFO] [stderr]    Compiling const_fn v0.4.9
[INFO] [stderr]    Compiling atk v0.9.0
[INFO] [stderr]     Checking unic-ucd-bidi v0.9.0
[INFO] [stderr]    Compiling gdk v0.13.2
[INFO] [stderr]    Compiling gtk v0.9.2
[INFO] [stderr]    Compiling memoffset v0.6.5
[INFO] [stderr]    Compiling indexmap v1.7.0
[INFO] [stderr]     Checking unic-langid v0.9.0
[INFO] [stderr]     Checking kurbo v0.7.1
[INFO] [stderr]    Compiling time v0.2.27
[INFO] [stderr]     Checking xi-unicode v0.2.1
[INFO] [stderr]    Compiling vcpkg v0.2.15
[INFO] [stderr]     Checking unic-bidi v0.9.0
[INFO] [stderr]     Checking type-map v0.4.0
[INFO] [stderr]    Compiling quote v1.0.10
[INFO] [stderr]     Checking smallvec v1.7.0
[INFO] [stderr]     Checking ppv-lite86 v0.2.15
[INFO] [stderr]     Checking stable_deref_trait v1.2.0
[INFO] [stderr]     Checking intl-memoizer v0.5.1
[INFO] [stderr]     Checking fluent-langneg v0.13.0
[INFO] [stderr]     Checking intl_pluralrules v7.0.1
[INFO] [stderr]     Checking keyboard-types v0.5.0
[INFO] [stderr]    Compiling priority-queue v1.2.1
[INFO] [stderr]    Compiling nom v7.1.0
[INFO] [stderr]     Checking fluent-syntax v0.9.3
[INFO] [stderr]     Checking piet v0.3.1
[INFO] [stderr]     Checking linked-hash-map v0.5.4
[INFO] [stderr]     Checking simple_logger v1.16.0
[INFO] [stderr]     Checking minimal-lexical v0.2.1
[INFO] [stderr]     Checking dtoa v0.4.8
[INFO] [stderr]     Checking by_address v1.0.4
[INFO] [stderr]     Checking home v0.5.3
[INFO] [stderr]     Checking yaml-rust v0.4.5
[INFO] [stderr]    Compiling libsqlite3-sys v0.23.1
[INFO] [stderr]     Checking getrandom v0.2.3
[INFO] [stderr]     Checking atty v0.2.14
[INFO] [stderr]     Checking time v0.1.44
[INFO] [stderr]     Checking nix v0.23.1
[INFO] [stderr]     Checking clap v2.34.0
[INFO] [stderr]     Checking rand_core v0.6.3
[INFO] [stderr]     Checking chrono v0.4.19
[INFO] [stderr]     Checking rand_chacha v0.3.1
[INFO] [stderr]     Checking hashbrown v0.11.2
[INFO] [stderr]     Checking rand v0.8.4
[INFO] [stderr]     Checking hashlink v0.7.0
[INFO] [stderr]     Checking rusqlite v0.26.1
[INFO] [stderr]     Checking tempfile v3.2.0
[INFO] [stderr]     Checking ctrlc v3.2.1
[INFO] [stderr]    Compiling thiserror-impl v1.0.30
[INFO] [stderr]    Compiling strum_macros v0.18.0
[INFO] [stderr]    Compiling futures-macro v0.3.19
[INFO] [stderr]    Compiling time-macros-impl v0.1.2
[INFO] [stderr]    Compiling rental-impl v0.5.5
[INFO] [stderr]    Compiling druid-derive v0.4.0
[INFO] [stderr]    Compiling structopt-derive v0.4.18
[INFO] [stderr]     Checking time-macros v0.1.1
[INFO] [stderr]     Checking structopt v0.3.25
[INFO] [stderr]    Compiling thiserror v1.0.30
[INFO] [stderr]     Checking futures-executor v0.3.19
[INFO] [stderr]     Checking futures v0.3.19
[INFO] [stderr]     Checking rental v0.5.6
[INFO] [stderr]     Checking fluent-bundle v0.12.0
[INFO] [stderr]     Checking serde_yaml v0.8.21
[INFO] [stderr]    Compiling toml v0.5.8
[INFO] [stderr]    Compiling system-deps v1.3.2
[INFO] [stderr]    Compiling proc-macro-crate v0.1.5
[INFO] [stderr]    Compiling glib-macros v0.10.1
[INFO] [stderr]    Compiling glib-sys v0.10.1
[INFO] [stderr]    Compiling gobject-sys v0.10.0
[INFO] [stderr]    Compiling gio-sys v0.10.1
[INFO] [stderr]    Compiling cairo-sys-rs v0.10.0
[INFO] [stderr]    Compiling gdk-pixbuf-sys v0.10.0
[INFO] [stderr]    Compiling pango-sys v0.10.0
[INFO] [stderr]    Compiling gdk-sys v0.10.0
[INFO] [stderr]    Compiling atk-sys v0.10.0
[INFO] [stderr]    Compiling gtk-sys v0.10.0
[INFO] [stderr]     Checking glib v0.10.3
[INFO] [stderr]     Checking piet-cairo v0.3.0
[INFO] [stderr]     Checking piet-common v0.3.2
[INFO] [stderr]     Checking druid-shell v0.7.0
[INFO] [stderr]     Checking druid v0.7.0
[INFO] [stderr]     Checking leakbuster v0.1.0 (/opt/rustwide/workdir)
[INFO] [stdout] error[E0369]: binary operation `==` cannot be applied to type `Config`
[INFO] [stdout]    --> src/config.rs:114:9
[INFO] [stdout]     |
[INFO] [stdout] 114 |         assert_eq!(Config { apps: vec![] }, cfg);
[INFO] [stdout]     |         ^^^^^^^^^^^^^^^^^^^^^^^^^^^^^^^^^^^^^^^^
[INFO] [stdout]     |         |
[INFO] [stdout]     |         Config
[INFO] [stdout]     |         Config
[INFO] [stdout]     |
[INFO] [stdout] note: an implementation of `PartialEq` might be missing for `Config`
[INFO] [stdout]    --> src/config.rs:9:1
[INFO] [stdout]     |
[INFO] [stdout] 9   | pub struct Config {
[INFO] [stdout]     | ^^^^^^^^^^^^^^^^^ must implement `PartialEq`
[INFO] [stdout]     = note: this error originates in the macro `assert_eq` (in Nightly builds, run with -Z macro-backtrace for more info)
[INFO] [stdout] help: consider annotating `Config` with `#[derive(PartialEq)]`
[INFO] [stdout]     |
[INFO] [stdout] 9   + #[derive(PartialEq)]
[INFO] [stdout] 10  | pub struct Config {
[INFO] [stdout]     |
[INFO] [stdout] 
[INFO] [stdout] 
[INFO] [stdout] error[E0063]: missing field `condition` in initializer of `StartupHook`
[INFO] [stdout]    --> src/config.rs:140:25
[INFO] [stdout]     |
[INFO] [stdout] 140 |                         StartupHook {
[INFO] [stdout]     |                         ^^^^^^^^^^^ missing `condition`
[INFO] [stdout] 
[INFO] [stdout] 
[INFO] [stdout] error[E0308]: mismatched types
[INFO] [stdout]    --> src/config.rs:149:44
[INFO] [stdout]     |
[INFO] [stdout] 149 | ...                   condition_cmd: "sh".to_string(),
[INFO] [stdout]     |                                      ^^^^^^^^^^^^^^^^ expected `Option<String>`, found `String`
[INFO] [stdout]     |
[INFO] [stdout]     = note: expected enum `std::option::Option<std::string::String>`
[INFO] [stdout]              found struct `std::string::String`
[INFO] [stdout] help: try wrapping the expression in `Some`
[INFO] [stdout]     |
[INFO] [stdout] 149 |                             condition_cmd: Some("sh".to_string()),
[INFO] [stdout]     |                                            +++++                +
[INFO] [stdout] 
[INFO] [stdout] 
[INFO] [stdout] error[E0063]: missing fields `condition`, `initial_delay` and `interval` in initializer of `TimeHook`
[INFO] [stdout]    --> src/config.rs:146:25
[INFO] [stdout]     |
[INFO] [stdout] 146 |                         TimeHook {
[INFO] [stdout]     |                         ^^^^^^^^ missing `condition`, `initial_delay` and `interval`
[INFO] [stdout] 
[INFO] [stdout] 
[INFO] [stdout] error[E0063]: missing field `shutdown_hooks` in initializer of `App`
[INFO] [stdout]    --> src/config.rs:135:17
[INFO] [stdout]     |
[INFO] [stdout] 135 |                 App {
[INFO] [stdout]     |                 ^^^ missing `shutdown_hooks`
[INFO] [stdout] 
[INFO] [stdout] 
[INFO] [stdout] error[E0369]: binary operation `==` cannot be applied to type `Config`
[INFO] [stdout]    --> src/config.rs:159:9
[INFO] [stdout]     |
[INFO] [stdout] 159 |         assert_eq!(expected, cfg);
[INFO] [stdout]     |         ^^^^^^^^^^^^^^^^^^^^^^^^^
[INFO] [stdout]     |         |
[INFO] [stdout]     |         Config
[INFO] [stdout]     |         Config
[INFO] [stdout]     |
[INFO] [stdout] note: an implementation of `PartialEq` might be missing for `Config`
[INFO] [stdout]    --> src/config.rs:9:1
[INFO] [stdout]     |
[INFO] [stdout] 9   | pub struct Config {
[INFO] [stdout]     | ^^^^^^^^^^^^^^^^^ must implement `PartialEq`
[INFO] [stdout]     = note: this error originates in the macro `assert_eq` (in Nightly builds, run with -Z macro-backtrace for more info)
[INFO] [stdout] help: consider annotating `Config` with `#[derive(PartialEq)]`
[INFO] [stdout]     |
[INFO] [stdout] 9   + #[derive(PartialEq)]
[INFO] [stdout] 10  | pub struct Config {
[INFO] [stdout]     |
[INFO] [stdout] 
[INFO] [stdout] 
[INFO] [stdout] error: aborting due to 6 previous errors
[INFO] [stdout] 
[INFO] [stdout] 
[INFO] [stdout] Some errors have detailed explanations: E0063, E0308, E0369.
[INFO] [stdout] 
[INFO] [stdout] For more information about an error, try `rustc --explain E0063`.
[INFO] [stdout] 
[INFO] [stderr] error: could not compile `leakbuster` (lib test) due to 7 previous errors
[INFO] [stderr] warning: build failed, waiting for other jobs to finish...
[INFO] running `Command { std: "docker" "inspect" "2150afd62a749d57ed6824ef7b8b4aa002a7325608037f47e3e9e91509334b43", kill_on_drop: false }`
[INFO] running `Command { std: "docker" "rm" "-f" "2150afd62a749d57ed6824ef7b8b4aa002a7325608037f47e3e9e91509334b43", kill_on_drop: false }`
[INFO] [stdout] 2150afd62a749d57ed6824ef7b8b4aa002a7325608037f47e3e9e91509334b43
